 of 29989?
8
What is the tens digit of 26088?
8
What is the tens digit of 3802?
0
What is the thousands digit of 27225?
7
What is the tens digit of 134107?
0
What is the tens digit of 50208?
0
What is the ten thousands digit of 60880?
6
What is the hundreds digit of 6317?
3
What is the hundreds digit of 3098?
0
What is the tens digit of 6325?
2
What is the hundreds digit of 19534?
5
What is the units digit of 78?
8
What is the tens digit of 1736?
3
What is the hundreds digit of 346?
3
What is the hundreds digit of 26451?
4
What is the hundreds digit of 2094?
0
What is the hundreds digit of 445?
4
What is the tens digit of 158?
5
What is the tens digit of 29?
2
What is the hundreds digit of 105861?
8
What is the hundreds digit of 7938?
9
What is the tens digit of 6352?
5
What is the thousands digit of 2327?
2
What is the tens digit of 1601?
0
What is the units digit of 11136?
6
What is the tens digit of 13554?
5
What is the units digit of 3120?
0
What is the units digit of 903?
3
What is the ten thousands digit of 10720?
1
What is the thousands digit of 5135?
5
What is the hundreds digit of 18445?
4
What is the thousands digit of 2733?
2
What is the tens digit of 606?
0
What is the units digit of 5020?
0
What is the tens digit of 905?
0
What is the hundreds digit of 215?
2
What is the tens digit of 996?
9
What is the tens digit of 2154?
5
What is the tens digit of 70317?
1
What is the units digit of 6982?
2
What is the thousands digit of 6352?
6
What is the tens digit of 15478?
7
What is the units digit of 4518?
8
What is the hundreds digit of 9453?
4
What is the hundreds digit of 2585?
5
What is the units digit of 26763?
3
What is the ten thousands digit of 170119?
7
What is the thousands digit of 4530?
4
What is the units digit of 5292?
2
What is the units digit of 5555?
5
What is the units digit of 18184?
4
What is the tens digit of 1966?
6
What is the thousands digit of 2332?
2
What is the thousands digit of 8725?
8
What is the hundreds digit of 678?
6
What is the hundreds digit of 803?
8
What is the units digit of 40926?
6
What is the units digit of 1702?
2
What is the units digit of 7025?
5
What is the tens digit of 16334?
3
What is the units digit of 29092?
2
What is the units digit of 2383?
3
What is the tens digit of 740?
4
What is the ten thousands digit of 88309?
8
What is the hundreds digit of 375?
3
What is the units digit of 10960?
0
What is the units digit of 2869?
9
What is the hundreds digit of 39789?
7
What is the hundreds digit of 363?
3
What is the thousands digit of 23858?
3
What is the thousands digit of 71935?
1
What is the tens digit of 3415?
1
What is the hundreds digit of 732?
7
What is the units digit of 103275?
5
What is the tens digit of 8750?
5
What is the tens digit of 9552?
5
What is the thousands digit of 27566?
7
What is the tens digit of 809?
0
What is the ten thousands digit of 56369?
5
What is the units digit of 803?
3
What is the hundreds digit of 15508?
5
What is the hundreds digit of 468?
4
What is the units digit of 8942?
2
What is the thousands digit of 11032?
1
What is the thousands digit of 76966?
6
What is the tens digit of 9955?
5
What is the thousands digit of 71426?
1
What is the units digit of 7533?
3
What is the tens digit of 11552?
5
What is the hundreds digit of 457?
4
What is the tens digit of 2116?
1
What is the tens digit of 889?
8
What is the thousands digit of 2904?
2
What is the units digit of 162?
2
What is the hundreds digit of 5686?
6
What is the hundreds digit of 9168?
1
What is the units digit of 7428?
8
What is the tens digit of 46815?
1
What is the units digit of 6661?
1
What is the ten thousands digit of 149168?
4
What is the units digit of 145984?
4
What is the hundreds digit of 731?
7
What is the units digit of 2354?
4
What is the tens digit of 1913?
1
What is the units digit of 4885?
5
What is the units digit of 342?
2
What is the hundreds digit of 1763?
7
What is the hundreds digit of 841?
8
What is the hundreds digit of 31665?
6
What is the hundreds digit of 3171?
1
What is the ten thousands digit of 10472?
1
What is the units digit of 2017?
7
What is the tens digit of 2468?
6
What is the hundreds digit of 1928?
9
What is the units digit of 21100?
0
What is the tens digit of 1813?
1
What is the tens digit of 7745?
4
What is the hundreds digit of 315?
3
What is the units digit of 7972?
2
What is the hundreds digit of 414?
4
What is the units digit of 294?
4
What is the ten thousands digit of 63047?
6
What is the hundreds digit of 2492?
4
What is the units digit of 9767?
7
What is the tens digit of 96?
9
What is the thousands digit of 1987?
1
What is the tens digit of 1119?
1
What is the units digit of 707?
7
What is the hundreds digit of 411?
4
What is the tens digit of 1137?
3
What is the thousands digit of 7802?
7
What is the thousands digit of 1657?
1
What is the tens digit of 22456?
5
What is the tens digit of 496?
9
What is the hundreds digit of 24993?
9
What is the tens digit of 10582?
8
What is the thousands digit of 2936?
2
What is the units digit of 9735?
5
What is the thousands digit of 25717?
5
What is the thousands digit of 59820?
9
What is the units digit of 474?
4
What is the hundreds digit of 3823?
8
What is the units digit of 896?
6
What is the hundreds digit of 81782?
7
What is the hundreds digit of 79977?
9
What is the tens digit of 188?
8
What is the thousands digit of 45639?
5
What is the thousands digit of 2879?
2
What is the tens digit of 21468?
6
What is the units digit of 4972?
2
What is the hundreds digit of 979?
9
What is the units digit of 2685?
5
What is the hundreds digit of 741?
7
What is the ten thousands digit of 12808?
1
What is the thousands digit of 3492?
3
What is the units digit of 11159?
9
What is the units digit of 466?
6
What is the thousands digit of 1250?
1
What is the tens digit of 950?
5
What is the thousands digit of 10370?
0
What is the tens digit of 7018?
1
What is the thousands digit of 27532?
7
What is the tens digit of 1294?
9
What is the hundreds digit of 3538?
5
What is the tens digit of 57618?
1
What is the hundreds digit of 1107?
1
What is the ten thousands digit of 22669?
2
What is the units digit of 3401?
1
What is the units digit of 1320?
0
What is the tens digit of 36810?
1
What is the units digit of 3587?
7
What is the hundreds digit of 1836?
8
What is the units digit of 7703?
3
What is the tens digit of 3335?
3
What is the hundreds digit of 28246?
2
What is the hundreds digit of 18506?
5
What is the tens digit of 4576?
7
What is the units digit of 642?
2
What is the units digit of 1210?
0
What is the tens digit of 574?
7
What is the hundreds digit of 986?
9
What is the hundreds digit of 4180?
1
What is the hundreds digit of 9567?
5
What is the tens digit of 2975?
7
What is the hundreds digit of 51543?
5
What is the tens digit of 2874?
7
What is the thousands digit of 2407?
2
What is the hundreds digit of 37087?
0
What is the hundreds digit of 4568?
5
What is the hundreds digit of 927?
9
What is the tens digit of 165030?
3
What is the tens digit of 7276?
7
What is the units digit of 862?
2
What is the ten thousands digit of 16488?
1
What is the units digit of 19826?
6
What is the thousands digit of 35411?
5
What is the units digit of 9637?
7
What is the hundreds digit of 11766?
7
What is the hundreds digit of 26216?
2
What is the ten thousands digit of 12572?
1
What is the thousands digit of 109121?
9
What is the hundreds digit of 8497?
4
What is the hundreds digit of 1208?
2
What is the tens digit of 1253?
5
What is the tens digit of 1205?
0
What is the thousands digit of 42255?
2
What is the tens digit of 8066?
6
What is the tens digit of 426?
2
What is the hundreds digit of 192?
1
What is the hundreds digit of 440?
4
What is the hundreds digit of 2996?
9
What is the tens digit of 23528?
2
What is the tens digit of 1496?
9
What is the thousands digit of 45017?
5
What is the thousands digit of 68117?
8
What is the thousands digit of 3143?
3
What is the units digit of 105763?
3
What is the hundreds digit of 1450?
4
What is the units digit of 248?
8
What is the tens digit of 3250?
5
What is the thousands digit of 104310?
4
What is the hundred thousands digit of 105389?
1
What is the units digit of 1743?
3
What is 